{"id":647,"date":"2018-01-04T12:46:53","date_gmt":"2018-01-04T12:46:53","guid":{"rendered":"http:\/\/espaisjoves.com\/blog\/?page_id=647"},"modified":"2024-07-27T09:25:21","modified_gmt":"2024-07-27T09:25:21","slug":"espais-versatils","status":"publish","type":"page","link":"https:\/\/espaisjoves.com\/index.php\/cataleg\/espais-versatils\/","title":{"rendered":"espais vers\u00e0tils"},"content":{"rendered":"<p>[et_pb_section fb_built=&#8221;1&#8243; _builder_version=&#8221;4.16&#8243; global_colors_info=&#8221;{}&#8221;][et_pb_row _builder_version=&#8221;4.16&#8243; background_size=&#8221;initial&#8221; background_position=&#8221;top_left&#8221; background_repeat=&#8221;repeat&#8221; global_colors_info=&#8221;{}&#8221;][et_pb_column type=&#8221;4_4&#8243; _builder_version=&#8221;4.16&#8243; background_position=&#8221;top_left&#8221; custom_padding=&#8221;|||&#8221; global_colors_info=&#8221;{}&#8221; custom_padding__hover=&#8221;|||&#8221;][et_pb_text _builder_version=&#8221;4.16&#8243; global_colors_info=&#8221;{}&#8221;]<\/p>\n<h3>Espais Vers\u00e0tils<\/h3>\n<p>[\/et_pb_text][et_pb_gallery gallery_ids=&#8221;2003,2013,3477,1533,3468,1532,3467,2014,2008,1536,3475,1535&#8243; posts_number=&#8221;12&#8243; show_title_and_caption=&#8221;off&#8221; show_pagination=&#8221;off&#8221; zoom_icon_color=&#8221;#00302f&#8221; _builder_version=&#8221;4.22.2&#8243; hover_enabled=&#8221;0&#8243; custom_css_gallery_item=&#8221; width: 24.84%;|| margin: 0 0.2% 0.2% 0;&#8221; saved_tabs=&#8221;all&#8221; global_colors_info=&#8221;{}&#8221; sticky_enabled=&#8221;0&#8243;][\/et_pb_gallery][et_pb_text _builder_version=&#8221;4.16&#8243; global_colors_info=&#8221;{}&#8221;]<\/p>\n<p>Tenim propostes per espais multifuncionals: lofts, oficines, estudis de creaci\u00f3, gimnasos.. S\u00f3n espais polivalents on tot \u00e9s possible. Solucions amb disseny que combinen el millor de cada espai. Un estudi amb gimn\u00e0s, una habitaci\u00f3 que sembla un despatx, un estudi de creaci\u00f3 que pot cr\u00e9ixer a mesura que creix la teva activitat professional. Un estil de vida per mentalitats obertes i modernes.\u00a0<\/p>\n<p>[\/et_pb_text][\/et_pb_column][\/et_pb_row][\/et_pb_section]<\/p>\n","protected":false},"excerpt":{"rendered":"<p>Espais Vers\u00e0tils Tenim propostes per espais multifuncionals: lofts, oficines, estudis de creaci\u00f3, gimnasos.. S\u00f3n espais polivalents on tot \u00e9s possible. Solucions amb disseny que combinen el millor de cada espai. Un estudi amb gimn\u00e0s, una habitaci\u00f3 que sembla un despatx, un estudi de creaci\u00f3 que pot cr\u00e9ixer a mesura que creix la teva activitat professional. [&hellip;]<\/p>\n","protected":false},"author":1,"featured_media":0,"parent":37,"menu_order":0,"comment_status":"closed","ping_status":"closed","template":"","meta":{"_et_pb_use_builder":"on","_et_pb_old_content":"","_et_gb_content_width":"","footnotes":""},"class_list":["post-647","page","type-page","status-publish","hentry"],"_links":{"self":[{"href":"https:\/\/espaisjoves.com\/index.php\/wp-json\/wp\/v2\/pages\/647","targetHints":{"allow":["GET"]}}],"collection":[{"href":"https:\/\/espaisjoves.com\/index.php\/wp-json\/wp\/v2\/pages"}],"about":[{"href":"https:\/\/espaisjoves.com\/index.php\/wp-json\/wp\/v2\/types\/page"}],"author":[{"embeddable":true,"href":"https:\/\/espaisjoves.com\/index.php\/wp-json\/wp\/v2\/users\/1"}],"replies":[{"embeddable":true,"href":"https:\/\/espaisjoves.com\/index.php\/wp-json\/wp\/v2\/comments?post=647"}],"version-history":[{"count":15,"href":"https:\/\/espaisjoves.com\/index.php\/wp-json\/wp\/v2\/pages\/647\/revisions"}],"predecessor-version":[{"id":3517,"href":"https:\/\/espaisjoves.com\/index.php\/wp-json\/wp\/v2\/pages\/647\/revisions\/3517"}],"up":[{"embeddable":true,"href":"https:\/\/espaisjoves.com\/index.php\/wp-json\/wp\/v2\/pages\/37"}],"wp:attachment":[{"href":"https:\/\/espaisjoves.com\/index.php\/wp-json\/wp\/v2\/media?parent=647"}],"curies":[{"name":"wp","href":"https:\/\/api.w.org\/{rel}","templated":true}]}}

espais versàtils

<p>[et_pb_section fb_built=&#8221;1&#8243; _builder_version=&#8221;4.16&#8243; global_colors_info=&#8221;{}&#8221;][et_pb_row _builder_version=&#8221;4.16&#8243; background_size=&#8221;initial&#8221; background_position=&#8221;top_left&#8221; background_repeat=&#8221;repeat&#8221; global_colors_info=&#8221;{}&#8221;][et_pb_column type=&#8221;4_4&#8243; _builder_version=&#8221;4.16&#8243; background_position=&#8221;top_left&#8221; custom_padding=&#8221;|||&#8221; global_colors_info=&#8221;{}&#8221; custom_padding__hover=&#8221;|||&#8221;][et_pb_text _builder_version=&#8221;4.16&#8243; global_colors_info=&#8221;{}&#8221;]</p>
<h3>Espais Versàtils</h3>
<p>[/et_pb_text][et_pb_gallery gallery_ids=&#8221;2003,2013,3477,1533,3468,1532,3467,2014,2008,1536,3475,1535&#8243; posts_number=&#8221;12&#8243; show_title_and_caption=&#8221;off&#8221; show_pagination=&#8221;off&#8221; zoom_icon_color=&#8221;#00302f&#8221; _builder_version=&#8221;4.22.2&#8243; hover_enabled=&#8221;0&#8243; custom_css_gallery_item=&#8221; width: 24.84%;|| margin: 0 0.2% 0.2% 0;&#8221; saved_tabs=&#8221;all&#8221; global_colors_info=&#8221;{}&#8221; sticky_enabled=&#8221;0&#8243;][/et_pb_gallery][et_pb_text _builder_version=&#8221;4.16&#8243; global_colors_info=&#8221;{}&#8221;]</p>
<p>Tenim propostes per espais multifuncionals: lofts, oficines, estudis de creació, gimnasos.. Són espais polivalents on tot és possible. Solucions amb disseny que combinen el millor de cada espai. Un estudi amb gimnàs, una habitació que sembla un despatx, un estudi de creació que pot créixer a mesura que creix la teva activitat professional. Un estil de vida per mentalitats obertes i modernes. </p>
<p>[/et_pb_text][/et_pb_column][/et_pb_row][/et_pb_section]</p>

<p>Espais Versàtils Tenim propostes per espais multifuncionals: lofts, oficines, estudis de creació, gimnasos.. Són espais polivalents on tot és possible. Solucions amb disseny que combinen el millor de cada espai. Un estudi amb gimnàs, una habitació que sembla un despatx, un estudi de creació que pot créixer a mesura que creix la teva activitat professional. [&hellip;]</p>
