{"id":559,"date":"2017-12-28T12:07:35","date_gmt":"2017-12-28T12:07:35","guid":{"rendered":"http:\/\/espaisjoves.com\/blog\/?page_id=559"},"modified":"2025-09-06T14:48:40","modified_gmt":"2025-09-06T14:48:40","slug":"tapisseria","status":"publish","type":"page","link":"https:\/\/espaisjoves.com\/index.php\/cataleg\/tapisseria\/","title":{"rendered":"tapisseria"},"content":{"rendered":"<p>[et_pb_section fb_built=&#8221;1&#8243; _builder_version=&#8221;4.16&#8243; global_colors_info=&#8221;{}&#8221;][et_pb_row _builder_version=&#8221;4.16&#8243; background_size=&#8221;initial&#8221; background_position=&#8221;top_left&#8221; background_repeat=&#8221;repeat&#8221; global_colors_info=&#8221;{}&#8221;][et_pb_column type=&#8221;4_4&#8243; _builder_version=&#8221;4.16&#8243; background_position=&#8221;top_left&#8221; custom_padding=&#8221;|||&#8221; global_colors_info=&#8221;{}&#8221; custom_padding__hover=&#8221;|||&#8221;][et_pb_text _builder_version=&#8221;4.16&#8243; global_colors_info=&#8221;{}&#8221;]<\/p>\n<h3>Tapisseria<\/h3>\n<p>[\/et_pb_text][et_pb_gallery gallery_ids=&#8221;3650,2228,553,3651,1420,1226,1422,2145,3654,2143,1405,2147&#8243; posts_number=&#8221;12&#8243; show_title_and_caption=&#8221;off&#8221; show_pagination=&#8221;off&#8221; zoom_icon_color=&#8221;#00302f&#8221; _builder_version=&#8221;4.22.2&#8243; hover_enabled=&#8221;0&#8243; custom_css_gallery_item=&#8221; width: 24.84%;|| margin: 0 0.2% 0.2% 0;&#8221; border_style=&#8221;solid&#8221; saved_tabs=&#8221;all&#8221; global_colors_info=&#8221;{}&#8221; sticky_enabled=&#8221;0&#8243;]&nbsp;<br \/>\n[\/et_pb_gallery][et_pb_text _builder_version=&#8221;4.16&#8243; global_colors_info=&#8221;{}&#8221;]Comoditat i eleg\u00e0ncia amb la tapisseria d&#8217;espais joves. A m\u00e9s de l&#8217;estil i disseny podr\u00e0s triar l&#8217;acabament. Sof\u00e0s amb chaise longue, amb pufs integrats, sof\u00e0s bagul&#8230; Seients lliscants manuals, cap\u00e7als reclinables, seients de relaxaci\u00f3 amb motor. Tot un m\u00f3n de confort, eleg\u00e0ncia i benestar en tapisseria.<br \/>\n[\/et_pb_text][\/et_pb_column][\/et_pb_row][\/et_pb_section]<\/p>\n","protected":false},"excerpt":{"rendered":"<p>Tapisseria &nbsp; Comoditat i eleg\u00e0ncia amb la tapisseria d&#8217;espais joves. A m\u00e9s de l&#8217;estil i disseny podr\u00e0s triar l&#8217;acabament. Sof\u00e0s amb chaise longue, amb pufs integrats, sof\u00e0s bagul&#8230; Seients lliscants manuals, cap\u00e7als reclinables, seients de relaxaci\u00f3 amb motor. Tot un m\u00f3n de confort, eleg\u00e0ncia i benestar en tapisseria.<\/p>\n","protected":false},"author":1,"featured_media":0,"parent":37,"menu_order":0,"comment_status":"closed","ping_status":"closed","template":"","meta":{"_et_pb_use_builder":"on","_et_pb_old_content":"","_et_gb_content_width":"","footnotes":""},"class_list":["post-559","page","type-page","status-publish","hentry"],"_links":{"self":[{"href":"https:\/\/espaisjoves.com\/index.php\/wp-json\/wp\/v2\/pages\/559","targetHints":{"allow":["GET"]}}],"collection":[{"href":"https:\/\/espaisjoves.com\/index.php\/wp-json\/wp\/v2\/pages"}],"about":[{"href":"https:\/\/espaisjoves.com\/index.php\/wp-json\/wp\/v2\/types\/page"}],"author":[{"embeddable":true,"href":"https:\/\/espaisjoves.com\/index.php\/wp-json\/wp\/v2\/users\/1"}],"replies":[{"embeddable":true,"href":"https:\/\/espaisjoves.com\/index.php\/wp-json\/wp\/v2\/comments?post=559"}],"version-history":[{"count":21,"href":"https:\/\/espaisjoves.com\/index.php\/wp-json\/wp\/v2\/pages\/559\/revisions"}],"predecessor-version":[{"id":3655,"href":"https:\/\/espaisjoves.com\/index.php\/wp-json\/wp\/v2\/pages\/559\/revisions\/3655"}],"up":[{"embeddable":true,"href":"https:\/\/espaisjoves.com\/index.php\/wp-json\/wp\/v2\/pages\/37"}],"wp:attachment":[{"href":"https:\/\/espaisjoves.com\/index.php\/wp-json\/wp\/v2\/media?parent=559"}],"curies":[{"name":"wp","href":"https:\/\/api.w.org\/{rel}","templated":true}]}}

<p>[et_pb_section fb_built=&#8221;1&#8243; _builder_version=&#8221;4.16&#8243; global_colors_info=&#8221;{}&#8221;][et_pb_row _builder_version=&#8221;4.16&#8243; background_size=&#8221;initial&#8221; background_position=&#8221;top_left&#8221; background_repeat=&#8221;repeat&#8221; global_colors_info=&#8221;{}&#8221;][et_pb_column type=&#8221;4_4&#8243; _builder_version=&#8221;4.16&#8243; background_position=&#8221;top_left&#8221; custom_padding=&#8221;|||&#8221; global_colors_info=&#8221;{}&#8221; custom_padding__hover=&#8221;|||&#8221;][et_pb_text _builder_version=&#8221;4.16&#8243; global_colors_info=&#8221;{}&#8221;]</p>
<h3>Tapisseria</h3>
<p>[/et_pb_text][et_pb_gallery gallery_ids=&#8221;3650,2228,553,3651,1420,1226,1422,2145,3654,2143,1405,2147&#8243; posts_number=&#8221;12&#8243; show_title_and_caption=&#8221;off&#8221; show_pagination=&#8221;off&#8221; zoom_icon_color=&#8221;#00302f&#8221; _builder_version=&#8221;4.22.2&#8243; hover_enabled=&#8221;0&#8243; custom_css_gallery_item=&#8221; width: 24.84%;|| margin: 0 0.2% 0.2% 0;&#8221; border_style=&#8221;solid&#8221; saved_tabs=&#8221;all&#8221; global_colors_info=&#8221;{}&#8221; sticky_enabled=&#8221;0&#8243;]&nbsp;<br />
[/et_pb_gallery][et_pb_text _builder_version=&#8221;4.16&#8243; global_colors_info=&#8221;{}&#8221;]Comoditat i elegància amb la tapisseria d&#8217;espais joves. A més de l&#8217;estil i disseny podràs triar l&#8217;acabament. Sofàs amb chaise longue, amb pufs integrats, sofàs bagul&#8230; Seients lliscants manuals, capçals reclinables, seients de relaxació amb motor. Tot un món de confort, elegància i benestar en tapisseria.<br />
[/et_pb_text][/et_pb_column][/et_pb_row][/et_pb_section]</p>

<p>Tapisseria &nbsp; Comoditat i elegància amb la tapisseria d&#8217;espais joves. A més de l&#8217;estil i disseny podràs triar l&#8217;acabament. Sofàs amb chaise longue, amb pufs integrats, sofàs bagul&#8230; Seients lliscants manuals, capçals reclinables, seients de relaxació amb motor. Tot un món de confort, elegància i benestar en tapisseria.</p>
